me factors of d.
179
Let c(a) = 12*a**2 - 1. Let s be c(1). Let g = -11 + s. Suppose -b - 11 + 32 = g. What are the prime factors of b?
3, 7
Let r(p) = p - 8. Let g be r(0). Suppose -3 + 146 = 13*y. Let x = g + y. What are the prime factors of x?
3
Let s = 2636 - 151. What are the prime factors of s?
5, 7, 71
Suppose -t = -5*p - 0*p + 116, p + 3*t - 20 = 0. Let c = p - -115. List the prime factors of c.
2, 3, 23
Let y = 5 + 8. Suppose 3*i - 56 - y = 0. Let b = 45 - i. What are the prime factors of b?
2, 11
Suppose x + 0*n - n = 49, -5*n = -20. Let t = 178 - x. List the prime factors of t.
5
Let b = -24 - -27. Suppose b*p = 4*p - 99. List the prime factors of p.
3, 11
Suppose 4*z - w + 1 = 0, 2*z - 5*w - 14 + 1 = 0. What are the prime factors of -1*(-1)/z - -21?
2, 5
Let m = 89 - 49. Let j = m + 6. List the prime factors of j.
2, 23
Let x(g) = -g**3 - 6*g**2 - 7*g - 4. Let s be x(-5). Let f be ((-1)/(-6))/(1/s). Suppose -2*u + 53 - f = 0. List the prime factors of u.
2, 13
Let r(a) = a**3 - 8*a**2 + 8*a - 5. Let p be r(7). Suppose 2*b - 67 = 3*m, -4*m - 102 = p*b - 5*b. What are the prime factors of b?
2, 19
Suppose -2*y + 63 = -147. Suppose 5*t - y = 20. What are the prime factors of t?
5
Let l(w) = 2*w + 2. Let q be l(-4). Let s be q/(-3) - (1 + -4). List the prime factors of (-10)/s - (-3 + -45).
2, 23
Let g(r) = -r**2 - 7*r. Let l be g(-4). Suppose 0 = 2*n - t + 4*t - 116, l = -3*t. What are the prime factors of n?
2
Suppose 0 = -5*u + 7*u - 2, -4*u + 349 = 5*r. Suppose 201 = 3*x - 3*n + r, 5*n - 20 = 0. What are the prime factors of x?
2, 3
Let u(i) = i**2 - 7*i + 7. Suppose v = -3*s + 4*s + 10, 4*s + 45 = 5*v. Let x be s/(-15) + 26/3. What are the prime factors of u(x)?
5
Let a(v) = -3629*v**3 + 17*v**2 + 18*v. List the prime factors of a(-1).
2, 907
Let l(j) = j**3 - 7*j**2 + 2*j + 2. Let w be l(7). List the prime factors of 8/6*w*3.
2
Let u = 7 + 0. Let w = 72 - u. Let l = w - 41. What are the prime factors of l?
2, 3
Let t = -1 + 1. Suppose z + t*z = -12. Let x = z + 29. List the prime factors of x.
17
Let z(d) = -d**2 - 22*d + 26. What are the prime factors of z(-20)?
2, 3, 11
Let q = -2060 - -3049. What are the prime factors of q?
23, 43
Suppose 0 = -68*p + 26*p + 24402. List the prime factors of p.
7, 83
Let r(n) = n**3 - 2*n**2 + n - 2. Let y be r(2). Suppose -2*i - 5*o + 146 = 0, 4*i + o - 58 - 216 = y. What are the prime factors of i?
2, 17
Let b = 9 - 8. Let x(r) = 121*r**2 - 1. Let f be x(b). Suppose 0 = -5*o + 5*w + f, 5*o - 120 = -w - w. What are the prime factors of o?
2, 3
List the prime factors of 42063/84 + (-3)/4.
2, 5
Let k(f) = -43*f**3 - f**2 - 3*f + 1. Let u be k(2). Let t = u - -618. List the prime factors of t.
5, 53
Suppose 0 = -9*g + 12*g + 51. Suppose 0*b - 35 = -5*b. Let z = b - g. What are the prime factors of z?
2, 3
Let y = 154 + -150. Suppose -3*b + 625 = -5*r, 5*b = -y*r + 2*r + 1083. List the prime factors of b.
5, 43
Let k(o) be the second derivative of 23*o**4/12 - o**2/2 - 21*o - 1. Let i(d) = -d**2 - 5*d + 5. Let y be i(-6). What are the prime factors of k(y)?
2, 11
Let x(z) = z**3 - 14*z**2 + 4. Let b be x(14). List the prime factors of 37/(b - (-2 - -5)).
37
Let y = 54 + -4. Let z = -43 + y. List the prime factors of z.
7
Suppose 0 = -4*m - 3*p + 1224 + 2096, 4*p + 4181 = 5*m. What are the prime factors of m?
7, 17
Suppose 0 = 40*v - 41*v + 158. What are the prime factors of v?
2, 79
Let l = 0 + 1. Let y = 2 + l. Suppose 2 = y*v - 1, 160 = 5*c - 5*v. List the prime factors of c.
3, 11
Suppose -3*r + 5*j = -422, 4*j + j = -r + 174. What are the prime factors of r?
149
Let s(y) = 3*y**2 + 5*y - 18. Let x be s(4). Suppose -x*j + 48*j + 246 = 0. List the prime factors of j.
3, 41
Suppose -5*k - b + 145 = -1015, 2*k - 437 = 5*b. Suppose -12*c = -c - k. List the prime factors of c.
3, 7
Let h = 2 - -2. Let d be -4 - (-4)/(h/17). Let q = 65 - d. What are the prime factors of q?
2, 13
Let r(o) = 2*o + 7. Let p = 4 + -18. Let y = 20 + p. What are the prime factors of r(y)?
19
Suppose -4*a + 3*r = 475, a + 112 = 5*r - 11. Let q = 176 + a. List the prime factors of q.
2, 29
Let z = 1730 - -1620. List the prime factors of z.
2, 5, 67
Let m = 78 - 79. List the prime factors of 206*18/(-12)*m.
3, 103
Suppose 18 = 5*w - 4*x, -x + 8 = -5*x. List the prime factors of (w + 40)/(-3)*-8.
2, 7
Suppose -4*w + 2*l + 6192 = 0, -3*w + 30*l = 33*l - 4635. What are the prime factors of w?
7, 13, 17
Let i(r) be the third derivative of r**5/60 - 3*r**4/8 - 5*r**3/6 - 22*r**2. List the prime factors of i(14).
5, 13
Suppose -4*u = -5*d + 28, 14 = -0*d + 2*d - 3*u. Suppose -179 = -5*t - 3*i, -d*t + 138 = i + 4*i. What are the prime factors of t?
37
Suppose -9510 = -33*k + 27*k. What are the prime factors of k?
5, 317
Suppose -150 = -2101*r + 2098*r. List the prime factors of r.
2, 5
Suppose -2170 = 11*c - 16*c. What are the prime factors of c?
2, 7, 31
Let z = -82 + 85. List the prime factors of 74/z - (-3 - 33/(-9)).
2, 3
Suppose 52 = -6*p + 2*p. List the prime factors of (-1)/(-3)*-3 - p.
2, 3
Suppose 0 = 5*x + 3*l + 2*l - 40, 2*l - 28 = -3*x. Suppose -x = 7*r - 4*r. Let q(a) = a**2 + 3*a + 1. List the prime factors of q(r).
5
Suppose -2*d + 4*v + 170 = 0, -5*d + 190 = -v - 226. Suppose -6*r - d = -527. What are the prime factors of r?
2, 37
Let f(m) = 36*m + 24. Let o be f(10). Let g be (-1)/(-3*4/o). Let n = g - -29. What are the prime factors of n?
61
Let u = -16 + 20. Suppose -205 + 33 = -u*r. List the prime factors of r.
43
Let h be 15/(-30) - (-26)/(-4). Let i = h + 35. List the prime factors of i.
2, 7
Let f be ((-3)/(-1) - 3) + 118 + 32. Let x = 17 - 11. Suppose x*n - n = f. List the prime factors of n.
2, 3, 5
Suppose 5*b - 87 = -3*g + 68, -2*g + 95 = -5*b. Suppose 2*i + 3*i + 5*s - g = 0, -2*s = -2*i + 4. List the prime factors of 27/i - (-3)/2.
2, 3
Let j = -1101 - -1973. What are the prime factors of j?
2, 109
Suppose 3*h + 4*g = 12, -4*g - 8 = -2*h - 2*g. Suppose 5*t = h*x - 237, 57 + 117 = 3*x - 3*t. List the prime factors of x.
53
Let b(y) = y**3 - 4*y**2 + y - 3. Let o(j) = j**3 - 3*j**2 + j - 2. Let a(t) = 4*b(t) - 5*o(t). Let r be a(-2). Suppose u - r = 9. List the prime factors of u.
13
Suppose -3*c - 4*r - r = -26, 0 = c + 3*r - 14. What are the prime factors of 68 + 2/(-1)*c?
2
Suppose 0*r + 6*r = 12. Suppose 165 = -r*q + 5*q. List the prime factors of q.
5, 11
Let t = 0 + 6. List the prime factors of 93/t + 8/16.
2
Let h(m) = -2*m - 6. Let a be h(-4). Let t(p) = 8*p - 7. What are the prime factors of t(a)?
3
Let l(a) be the third derivative of 3*a**4/8 + 19*a**3/6 - 3*a**2. List the prime factors of l(14).
5, 29
What are the prime factors of (-9 - -11)*(-14394)/(-12)?
2399
Suppose 16 = -4*z - 28. Let w(m) = -4*m + 22. List the prime factors of w(z).
2, 3, 11
Let u be (-1)/((-4)/(-368)*-1). Let q be u/20 - (-9)/(-15). Suppose -2*n + 0*n = -q. List the prime factors of n.
2
Let g be (-3 - (-89)/1) + -4. Suppose -4*v + g + 2 = 0. Let c = v + -9. List the prime factors of c.
2, 3
Suppose 3*c - 125 = 346. Let i = c - 49. List the prime factors of i.
2, 3
Suppose 3*l - 979 = 2*l - 5*c, 5*l - 2*c = 4949. List the prime factors of l.
23, 43
Let w be (-260)/(-15) - (-3)/(-9). Let g(h) = -w*h - 201 + 201. List the prime factors of g(-2).
2, 17
Let v(j) be the first derivative of j**4/4 - 11*j**3/3 + 17*j**2/2 - 25*j + 11. What are the prime factors of v(10)?
3, 5
Suppose 4*b - 81 = 27. Let m = b + -15. Suppose 5*j = -4*c + 4, -4 - m = 4*j. What are the prime factors of c?
2, 3
What are the prime factors of (-23188)/102*6/(-4)?
11, 31
Let k(g) = -9*g - 45. Let t(y) = -14*y - 67. Let l(n) = -8*k(n) + 5*t(n). What are the prime factors of l(11)?
47
Suppose -3*t - 9 = -2*w, -4*w - t = t + 22. What are the prime factors of (0 - -1)/(3/(-810)*w)?
2, 3, 5
Let q(m) be the first derivative of -m**4/4 + 11*m**3/3 - 9*m**2/2 + 22*m - 16. What are the prime factors of q(9)?
103
Let j be 5 - 7 - (0 - -1). Let d(p) = p + 4. Let f be d(j). What are the prime factors of (f - -17)*(-7)/(-14)?
3
Suppose 2*q = -3*r + 16, -2*r = 2*r + 5*q - 33. Let h(j) = 2*j**3 + 3*j**2 - 4. What are the prime factors of h(r)?
2, 3
Suppose 0 = a - 5*d + 76, -a - 53 = 5*d + 13. Let u = a - -158. List the prime factors of u.
3, 29
Let t(h) = 5*h**3 